{"id":8443,"date":"2024-04-11T11:07:06","date_gmt":"2024-04-11T11:07:06","guid":{"rendered":"https:\/\/marcyates.ma\/?page_id=8443"},"modified":"2024-07-30T14:12:26","modified_gmt":"2024-07-30T14:12:26","slug":"mentions-legales","status":"publish","type":"page","link":"https:\/\/marcyates.ma\/index.php\/mentions-legales\/","title":{"rendered":"Mentions l\u00e9gales"},"content":{"rendered":"\t\t<div data-elementor-type=\"wp-page\" data-elementor-id=\"8443\" class=\"elementor elementor-8443\" data-elementor-post-type=\"page\">\n\t\t\t\t<div class=\"elementor-element elementor-element-0a5ad63 e-flex e-con-boxed e-con e-parent\" data-id=\"0a5ad63\" data-element_type=\"container\" data-core-v316-plus=\"true\">\n\t\t\t\t\t<div class=\"e-con-inner\">\n\t\t\t\t<div class=\"elementor-element elementor-element-e9fab76 elementor-widget elementor-widget-html\" data-id=\"e9fab76\" data-element_type=\"widget\" data-widget_type=\"html.default\">\n\t\t\t\t<div class=\"elementor-widget-container\">\n\t\t\t<!-- Google tag (gtag.js) --> \n<script async src=\"https:\/\/www.googletagmanager.com\/gtag\/js?id=AW-16653197198\"><\/script> <script> window.dataLayer = window.dataLayer || []; function gtag(){dataLayer.push(arguments);} gtag('js', new Date()); gtag('config', 'AW-16653197198'); <\/script>\t\t<\/div>\n\t\t\t\t<\/div>\n\t\t\t\t<div class=\"elementor-element elementor-element-a693b06 elementor-widget elementor-widget-heading\" data-id=\"a693b06\" data-element_type=\"widget\" data-widget_type=\"heading.default\">\n\t\t\t\t<div class=\"elementor-widget-container\">\n\t\t\t<style>\/*! elementor - v3.20.0 - 26-03-2024 *\/\n.elementor-heading-title{padding:0;margin:0;line-height:1}.elementor-widget-heading .elementor-heading-title[class*=elementor-size-]>a{color:inherit;font-size:inherit;line-height:inherit}.elementor-widget-heading .elementor-heading-title.elementor-size-small{font-size:15px}.elementor-widget-heading .elementor-heading-title.elementor-size-medium{font-size:19px}.elementor-widget-heading .elementor-heading-title.elementor-size-large{font-size:29px}.elementor-widget-heading .elementor-heading-title.elementor-size-xl{font-size:39px}.elementor-widget-heading .elementor-heading-title.elementor-size-xxl{font-size:59px}<\/style><h2 class=\"elementor-heading-title elementor-size-default\">Mentions l\u00e9gales<\/h2>\t\t<\/div>\n\t\t\t\t<\/div>\n\t\t\t\t<div class=\"elementor-element elementor-element-9874d64 elementor-widget elementor-widget-text-editor\" data-id=\"9874d64\" data-element_type=\"widget\" data-widget_type=\"text-editor.default\">\n\t\t\t\t<div class=\"elementor-widget-container\">\n\t\t\t<style>\/*! elementor - v3.20.0 - 26-03-2024 *\/\n.elementor-widget-text-editor.elementor-drop-cap-view-stacked .elementor-drop-cap{background-color:#69727d;color:#fff}.elementor-widget-text-editor.elementor-drop-cap-view-framed .elementor-drop-cap{color:#69727d;border:3px solid;background-color:transparent}.elementor-widget-text-editor:not(.elementor-drop-cap-view-default) .elementor-drop-cap{margin-top:8px}.elementor-widget-text-editor:not(.elementor-drop-cap-view-default) .elementor-drop-cap-letter{width:1em;height:1em}.elementor-widget-text-editor .elementor-drop-cap{float:left;text-align:center;line-height:1;font-size:50px}.elementor-widget-text-editor .elementor-drop-cap-letter{display:inline-block}<\/style>\t\t\t\t<h5>Merci de lire avec attention les diff\u00e9rentes modalit\u00e9s d\u2019utilisation du pr\u00e9sent site avant d\u2019y parcourir ses pages. En vous connectant sur ce site, vous acceptez sans r\u00e9serves les pr\u00e9sentes modalit\u00e9s. Aussi, conform\u00e9ment \u00e0 l\u2019article n\u00b06 de la Loi n\u00b02004-575 du 21 Juin 2004 pour la confiance dans l\u2019\u00e9conomie num\u00e9rique, les responsables du pr\u00e9sent site internet www.marcyates.ma sont :<\/h5><p>\u00a0<\/p><h6>Editeur du Site<\/h6><p>Marc Yates<\/p><p>Soci\u00e9t\u00e9 : MARC YATES SARL<\/p><p>Responsable \u00e9ditorial : MARC YATES SARL<\/p><p>16 rue Dayet Aoua , Rabat , Agdal , MAROC<\/p><p>T\u00e9l\u00e9phone :+2126 98 99 17 95<\/p><p>Email : contact@marcyates.ma<\/p><p>Site Web : www.marcyates.ma<\/p><h6>H\u00e9bergement<\/h6><p>H\u00e9bergeur : HOSTINGER<\/p><p>61 Lordou Vironos Street 6023 Larnaca, Chypre<\/p><p>Site Web : www.hostinger.fr<\/p><h6>D\u00e9veloppement<\/h6><p>MARC YATES SARL<\/p><p>Adresse : 16 rue Dayet Aoua , Rabat , Agdal , MAROC<\/p><p>Site Web : www.marcyates.ma<\/p><h6>Conditions d\u2019utilisation<\/h6><p>Ce site (www.marcyates.ma) est propos\u00e9 en diff\u00e9rents langages web (HTML, HTML5, Javascript, CSS, etc\u2026) pour un meilleur confort d\u2019utilisation et un graphisme plus agr\u00e9able, nous vous recommandons de recourir \u00e0 des navigateurs modernes comme Internet explorer, Safari, Firefox, Google Chrome, etc\u2026<\/p><p>MARC YATES SARL met en \u0153uvre tous les moyens dont elle dispose, pour assurer une information fiable et une mise \u00e0 jour fiable de ses sites internet. Toutefois, des erreurs ou omissions peuvent survenir. L\u2019internaute devra donc s\u2019assurer de l\u2019exactitude des informations aupr\u00e8s de l\u2019\u00e9diteur de ce site, et signaler toutes modifications du site qu\u2019il jugerait utile<\/p><p>Liens hypertextes : Les sites internet de peuvent offrir des liens vers d\u2019autres sites internet ou d\u2019autres ressources disponibles sur Internet. MARC YATES SARL ne dispose d\u2019aucun moyen pour contr\u00f4ler les sites en connexion avec ses sites internet. ne r\u00e9pond pas de la disponibilit\u00e9 de tels sites et sources externes, ni ne la garantit. Elle ne peut \u00eatre tenue pour responsable de tout dommage, de quelque nature que ce soit, r\u00e9sultant du contenu de ces sites ou sources externes, et notamment des informations, produits ou services qu\u2019ils proposent, ou de tout usage qui peut \u00eatre fait de ces \u00e9l\u00e9ments. Les risques li\u00e9s \u00e0 cette utilisation incombent pleinement \u00e0 l\u2019internaute, qui doit se conformer \u00e0 leurs conditions d\u2019utilisation.<\/p><h6>Produits fournis<\/h6><p>L\u2019ensemble des produits de la soci\u00e9t\u00e9 ainsi que ses informations sont pr\u00e9sent\u00e9es sur notre site www.marcyates.ma. Nos tarifs seront communiqu\u00e9s sur demande du client, par mail, via notre site web www.marcyates.ma.<\/p><p>MARC YATES SARL s\u2019efforce de fournir sur le site www.marcyates.ma des informations aussi pr\u00e9cises que possible, les renseignements figurant sur le site www.marcyates.ma ne sont pas exhaustifs et les photos non contractuelles. Ils sont donn\u00e9s sous r\u00e9serve de modifications ayant \u00e9t\u00e9 apport\u00e9es depuis leur mise en ligne. Par ailleurs, toutes les informations indiqu\u00e9es sur le site www.marcyates.ma sont donn\u00e9es \u00e0 titre indicatif, et sont susceptibles de changer ou d\u2019\u00e9voluer sans pr\u00e9avis.<\/p><h6>Limitation contractuelle sur les donn\u00e9es<\/h6><p>Les informations contenues sur ce site sont aussi pr\u00e9cises que possible et le site remis \u00e0 jour \u00e0 diff\u00e9rentes p\u00e9riodes de l\u2019ann\u00e9e, mais peut toutefois contenir des inexactitudes ou des omissions. Si vous constatez une lacune, erreur ou ce qui parait \u00eatre un dysfonctionnement, merci de bien vouloir le signaler par email, \u00e0 l\u2019adresse contact@marcyates.ma, en d\u00e9crivant le probl\u00e8me de la mani\u00e8re la plus pr\u00e9cise possible (page posant probl\u00e8me, type d\u2019ordinateur et de navigateur utilis\u00e9, \u2026).<\/p><p>Les liens hypertextes mis en place dans le cadre du pr\u00e9sent site internet en direction d\u2019autres ressources pr\u00e9sentes sur le r\u00e9seau Internet ne sauraient engager la responsabilit\u00e9 de MARC YATES SARL.<\/p><h6>Propri\u00e9t\u00e9 intellectuelle<\/h6><p>Tout le contenu du pr\u00e9sent sur le site www.marcyates.ma, incluant, de fa\u00e7on non limitative, les graphismes, images, textes, vid\u00e9os, animations, sons, logos, gifs et ic\u00f4nes ainsi que leur mise en forme sont la propri\u00e9t\u00e9 exclusive de la soci\u00e9t\u00e9 \u00e0 l\u2019exception des marques, logos ou contenus appartenant \u00e0 d\u2019autres soci\u00e9t\u00e9s partenaires ou auteurs.<\/p><p>Toute reproduction, distribution, modification, adaptation, retransmission ou publication, m\u00eame partielle, de ces diff\u00e9rents \u00e9l\u00e9ments est strictement interdite sans l\u2019accord expr\u00e8s par \u00e9crit de MARC YATES SARL. Cette repr\u00e9sentation ou reproduction, par quelque proc\u00e9d\u00e9 que ce soit, constitue une contrefa\u00e7on sanctionn\u00e9e par les articles L.335-2 et suivants du Code de la propri\u00e9t\u00e9 intellectuelle. Le non-respect de cette interdiction constitue une contrefa\u00e7on pouvant engager la responsabilit\u00e9 civile et p\u00e9nale du contrefacteur. En outre, les propri\u00e9taires des Contenus copi\u00e9s pourraient intenter une action en justice \u00e0 votre encontre.7<\/p><h6>Litiges<\/h6><p>Les pr\u00e9sentes conditions du site www.marcyates.ma sont r\u00e9gies par les lois fran\u00e7aises et toute contestation ou litiges qui pourraient na\u00eetre de l\u2019interpr\u00e9tation ou de l\u2019ex\u00e9cution de celles-ci seront de la comp\u00e9tence exclusive des tribunaux dont d\u00e9pend le si\u00e8ge social de la soci\u00e9t\u00e9. La langue de r\u00e9f\u00e9rence, pour le r\u00e8glement de contentieux \u00e9ventuels, est le fran\u00e7ais.<\/p><h6>Donn\u00e9es personnelles<\/h6><p>De mani\u00e8re g\u00e9n\u00e9rale, vous n\u2019\u00eates pas tenu de nous communiquer vos donn\u00e9es personnelles lorsque vous visitez notre site Internet www.marcyates.ma.<\/p><p>Cependant, ce principe comporte certaines exceptions. En effet, pour command\u00e9s via notre site, vous pouvez \u00eatre amen\u00e9s \u00e0 nous communiquer certaines donn\u00e9es telles que : votre nom, votre fonction, le nom de votre soci\u00e9t\u00e9, votre adresse \u00e9lectronique, et votre num\u00e9ro de t\u00e9l\u00e9phone. Tel est le cas lorsque vous remplissez le formulaire qui vous est propos\u00e9 en ligne, dans la rubrique \u00ab contact \u00bb. Dans tous les cas, vous pouvez refuser de fournir vos donn\u00e9es personnelles. Dans ce cas, vous ne pourrez pas utiliser les services du site, notamment celui de solliciter des renseignements sur notre soci\u00e9t\u00e9, ou de recevoir les lettres d\u2019information.<\/p><p>Enfin, nous pouvons collecter de mani\u00e8re automatique certaines informations vous concernant lors d\u2019une simple navigation sur notre site Internet, notamment : des informations concernant l\u2019utilisation de notre site, comme les zones que vous visitez et les services auxquels vous acc\u00e9dez, votre adresse IP, le type de votre navigateur, vos temps d\u2019acc\u00e8s. De telles informations sont utilis\u00e9es exclusivement \u00e0 des fins de statistiques internes, de mani\u00e8re \u00e0 am\u00e9liorer la qualit\u00e9 des services qui vous sont propos\u00e9s. Les bases de donn\u00e9es sont prot\u00e9g\u00e9es par les dispositions de la loi du 1er juillet 1998 transposant la directive 96\/9 du 11 mars 1996 relative \u00e0 la protection juridique des bases de donn\u00e9es.<\/p><h6>Prix et modalit\u00e9s de paiements<\/h6><p>D\u00e9termination du prix<\/p><p>Les prix des produits seront indiqu\u00e9s en DHS MAD TTC. La soci\u00e9t\u00e9 MARC YATES SARL se r\u00e9serve le droit de modifier ses prix \u00e0 tout moment, mais les produits seront factur\u00e9s sur la base des tarifs en vigueur au moment de l\u2019enregistrement de la commande, sous r\u00e9serve de disponibilit\u00e9.<\/p><p>Modalit\u00e9s de paiement<\/p><p>Le paiement du client est attendu \u00e0 50 % \u00e0 la commande et le solde \u00e0 la livraison. Tant que Le Client ne s\u2019acquitte pas du solde restant, la marchandise demeurera la propri\u00e9t\u00e9 de la soci\u00e9t\u00e9 MARC YATES SARL.<\/p><p>R\u00e8glement<\/p><p>Le paiement des commandes s&#8217;effectue soit par:<\/p><p>National : (Maroc)<\/p><p>Ch\u00e8que bancaire : En cas de paiement par ch\u00e8que bancaire, celui-ci doit \u00eatre \u00e9mis par une banque domicili\u00e9e au Maroc. Au dos du ch\u00e8que, le client indiquera sa r\u00e9f\u00e9rence de commande afin que le paiement soit reli\u00e9 \u00e0 son dossier. L\u2019encaissement du ch\u00e8que est pratiqu\u00e9 \u00e0 r\u00e9ception de celui-ci \u00e0 l\u2019adresse suivante : AGENCE EL HARHOURA AV MOHAMMED VI RES HARHOURA 12023 EL HARHOURA<\/p><p>Le ch\u00e8que devra \u00eatre \u00e0 l\u2019attention de MARC YATES SARL<\/p><p>Virement bancaire : Le Client re\u00e7oit par mail, lors de son paiement par virement bancaire, les coordonn\u00e9es bancaires de la soci\u00e9t\u00e9 MARC YATES SARL. Dans l\u2019ordre de virement le client doit indiquer la r\u00e9f\u00e9rence de sa commande afin que le paiement puisse \u00eatre reli\u00e9 \u00e0 son dossier.<\/p><h6>Livraison<\/h6><p>La livraison est effectu\u00e9e \u00e0 l\u2019adresse de livraison indiqu\u00e9e par le client.<\/p><p>Pour les produits command\u00e9s en grande quantit\u00e9 (plus de 100 pi\u00e8ces) et sur devis, le d\u00e9lais de livraison sera indiqu\u00e9 lors de l&#8217;\u00e9tablissement du devis.<\/p><p>Les colis sont achemin\u00e9s par les 4 soci\u00e9t\u00e9s de transports suivantes: Maroc express, QuickVan. Les d\u00e9lais de livraison sont ceux indiqu\u00e9s lors du passage de la commande. MARC YATES SARL ne pourra \u00eatre tenue responsable des cons\u00e9quences dues \u00e0 un retard d\u2019acheminement n\u2019\u00e9tant pas de son fait (gr\u00e8ve, intemp\u00e9ries&#8230;)<\/p><p>En cas de colis endommag\u00e9s (d\u00e9j\u00e0 ouverts, produits manquants), le client s\u2019engage \u00e0 notifier au transporteur et au prestataire par tout moyen, toutes r\u00e9serves dans les trois (3) jours suivant la r\u00e9ception du produit.<\/p><h6>Droit et r\u00e9tractation<\/h6><p>La client particulier peut exercer un droit de r\u00e9tractation sous forme \u00e9crite (par exemple lettre ou e-mail) dans un d\u00e9lai de 14 jours \u00e0 compter de la r\u00e9ception de la commande et sans indication de motifs ou par le renvoi de la marchandise, \u00e0 ses frais, si celle-ci lui a \u00e9t\u00e9 c\u00e9d\u00e9e avant l&#8217;expiration du d\u00e9lai \u00e0 l\u2019adresse MARC YATES SARL \u2013 16 rue Dayet Aoua , Rabat , Agdal , MAROC accompagn\u00e9e de la r\u00e9f\u00e9rence de la commande. Les produits retourn\u00e9s doivent \u00eatre neufs, dans leurs emballages d\u2019origines, non port\u00e9s, non lav\u00e9s et non personnalis\u00e9s. Pour tous les produits personnalis\u00e9s, le droit de r\u00e9tractation ne peut s&#8217;appliquer, conform\u00e9ment aux dispositions de l\u2019article L 121-20 du Code de la Consommation tel que modifi\u00e9 par l\u2019ordonnance n\u00b02001-741 du 23 ao\u00fbt 2001 qui stipule que le d\u00e9lai de r\u00e9tractation est de 14 (quatorze) jours, et que la r\u00e9tractation est notamment exclue (article 121-20.2 3\u00e8me alin\u00e9a) pour les contrats de fournitures de biens nettement personnalis\u00e9s ou confectionn\u00e9s selon les sp\u00e9cifications du consommateur, soit notamment pour les articles sur-mesure, de mesures hors standard ou personnalis\u00e9s. Ainsi aucun d\u00e9lai de r\u00e9tractation ne sera accord\u00e9 s\u2019agissant des articles sur-mesure ou personnalis\u00e9s.<\/p><p>Les remboursements des produits dans les hypoth\u00e8ses vis\u00e9es ci dessus seront effectu\u00e9s par MARC YATES SARL dans un d\u00e9lai maximal de trente (30) jours apr\u00e8s la r\u00e9ception par elle des dits produits. Le remboursement s\u2019effectuera par virement sur le compte indiqu\u00e9 lors de la commande.<\/p><h6>Divergences techniques et de design<\/h6><p>Dans l\u2019ex\u00e9cution du contrat, nous nous r\u00e9servons express\u00e9ment des divergences par rapport aux descriptions et indications de nos d\u00e9pliants, catalogues et autres documents \u00e9crits et \u00e9lectroniques quant \u00e0 la nature du tissu, la couleur, le poids, la dimension, le design ou des caract\u00e9ristiques semblables, pour autant que ceux-ci soient raisonnables et acceptables. Des raisons de modification peuvent r\u00e9sulter de fluctuations commerciales et des rythmes techniques de production. La diff\u00e9rence de couleur peut quant \u00e0 elle r\u00e9sulter des diff\u00e9rences de r\u00e9glages des \u00e9crans d&#8217;ordinateurs ou de la composition du support. Nous nous r\u00e9servons le droit de remplacer une marque d&#8217;un produit par une autre marque de qualit\u00e9 \u00e9quivalente ou sup\u00e9rieure en cas de rupture de stock.<\/p>\t\t\t\t\t\t<\/div>\n\t\t\t\t<\/div>\n\t\t\t\t\t<\/div>\n\t\t\t\t<\/div>\n\t\t\t\t<\/div>\n\t\t","protected":false},"excerpt":{"rendered":"<p>Mentions l\u00e9gales Merci de lire avec attention les diff\u00e9rentes modalit\u00e9s d\u2019utilisation du pr\u00e9sent site avant d\u2019y parcourir ses pages. En vous connectant sur ce site, vous acceptez sans r\u00e9serves les pr\u00e9sentes modalit\u00e9s. Aussi, conform\u00e9ment \u00e0 l\u2019article n\u00b06 de la Loi n\u00b02004-575 du 21 Juin 2004 pour la confiance dans l\u2019\u00e9conomie num\u00e9rique, les responsables du pr\u00e9sent [&hellip;]<\/p>\n","protected":false},"author":1,"featured_media":0,"parent":0,"menu_order":0,"comment_status":"closed","ping_status":"closed","template":"elementor_header_footer","meta":{"_seopress_robots_primary_cat":"","_seopress_titles_title":"","_seopress_titles_desc":"","_seopress_robots_index":"","_monsterinsights_skip_tracking":false,"_monsterinsights_sitenote_active":false,"_monsterinsights_sitenote_note":"","_monsterinsights_sitenote_category":0,"footnotes":""},"jetpack_sharing_enabled":true,"_links":{"self":[{"href":"https:\/\/marcyates.ma\/index.php\/wp-json\/wp\/v2\/pages\/8443"}],"collection":[{"href":"https:\/\/marcyates.ma\/index.php\/wp-json\/wp\/v2\/pages"}],"about":[{"href":"https:\/\/marcyates.ma\/index.php\/wp-json\/wp\/v2\/types\/page"}],"author":[{"embeddable":true,"href":"https:\/\/marcyates.ma\/index.php\/wp-json\/wp\/v2\/users\/1"}],"replies":[{"embeddable":true,"href":"https:\/\/marcyates.ma\/index.php\/wp-json\/wp\/v2\/comments?post=8443"}],"version-history":[{"count":16,"href":"https:\/\/marcyates.ma\/index.php\/wp-json\/wp\/v2\/pages\/8443\/revisions"}],"predecessor-version":[{"id":10857,"href":"https:\/\/marcyates.ma\/index.php\/wp-json\/wp\/v2\/pages\/8443\/revisions\/10857"}],"wp:attachment":[{"href":"https:\/\/marcyates.ma\/index.php\/wp-json\/wp\/v2\/media?parent=8443"}],"curies":[{"name":"wp","href":"https:\/\/api.w.org\/{rel}","templated":true}]}}