{"id":10862,"date":"2024-07-31T11:31:12","date_gmt":"2024-07-31T11:31:12","guid":{"rendered":"https:\/\/marcyates.ma\/?post_type=product&#038;p=10862"},"modified":"2024-07-31T16:59:20","modified_gmt":"2024-07-31T16:59:20","slug":"casquette-personnalisee","status":"publish","type":"product","link":"https:\/\/marcyates.ma\/index.php\/product\/casquette-personnalisee\/","title":{"rendered":"Casquette personnalis\u00e9e"},"content":{"rendered":"<div class=\"details ng-binding ng-scope\">\n<div class=\"details ng-binding ng-scope\">Casquette brod\u00e9e et imprim\u00e9e en 100% coton serg\u00e9. Mod\u00e8le 5 panneaux avec visi\u00e8re pr\u00e9form\u00e9e. \u0152illets de ventilation. La casquette basique est \u00e9galement disponible en taille enfant. Taille r\u00e9glable Rip-Strip\u2122 pour s\\&#8217;adapter \u00e0 toutes les t\u00eates. Grammage de 185 g\/m\u00b2<\/div>\n<\/div>\n<p>&nbsp;<\/p>\n<p>T\u00e9l\u00e9charger la fiche technique <span style=\"color: #800000;\"><strong>ici<\/strong><\/span><\/p>\n","protected":false},"excerpt":{"rendered":"<p>Casquette brod\u00e9e et imprim\u00e9e en 100% coton serg\u00e9. Mod\u00e8le 5 panneaux avec visi\u00e8re pr\u00e9form\u00e9e. \u0152illets de ventilation. La casquette basique est \u00e9galement disponible en taille enfant. Taille r\u00e9glable Rip-Strip\u2122 pour s\\&#8217;adapter \u00e0 toutes les t\u00eates. Grammage de 185 g\/m\u00b2 &nbsp; T\u00e9l\u00e9charger la fiche technique ici<\/p>\n","protected":false},"featured_media":10944,"template":"","meta":{"_seopress_robots_primary_cat":"none","_seopress_titles_title":"Casquette personnalis\u00e9e","_seopress_titles_desc":"Casquette brod\u00e9e et imprim\u00e9e en 100% coton serg\u00e9. Mod\u00e8le 5 panneaux avec visi\u00e8re pr\u00e9form\u00e9e. \u0152illets de ventilation. La casquette basique est \u00e9galement disponible en taille enfant. Taille r\u00e9glable Rip-Strip\u2122 pour s\\'adapter \u00e0 toutes les t\u00eates. Grammage de 185 g\/m\u00b2","_seopress_robots_index":"","_monsterinsights_skip_tracking":false,"_monsterinsights_sitenote_active":false,"_monsterinsights_sitenote_note":"","_monsterinsights_sitenote_category":0},"product_cat":[35],"product_tag":[],"jetpack_sharing_enabled":true,"_links":{"self":[{"href":"https:\/\/marcyates.ma\/index.php\/wp-json\/wp\/v2\/product\/10862"}],"collection":[{"href":"https:\/\/marcyates.ma\/index.php\/wp-json\/wp\/v2\/product"}],"about":[{"href":"https:\/\/marcyates.ma\/index.php\/wp-json\/wp\/v2\/types\/product"}],"version-history":[{"count":1,"href":"https:\/\/marcyates.ma\/index.php\/wp-json\/wp\/v2\/product\/10862\/revisions"}],"predecessor-version":[{"id":10921,"href":"https:\/\/marcyates.ma\/index.php\/wp-json\/wp\/v2\/product\/10862\/revisions\/10921"}],"wp:featuredmedia":[{"embeddable":true,"href":"https:\/\/marcyates.ma\/index.php\/wp-json\/wp\/v2\/media\/10944"}],"wp:attachment":[{"href":"https:\/\/marcyates.ma\/index.php\/wp-json\/wp\/v2\/media?parent=10862"}],"wp:term":[{"taxonomy":"product_cat","embeddable":true,"href":"https:\/\/marcyates.ma\/index.php\/wp-json\/wp\/v2\/product_cat?post=10862"},{"taxonomy":"product_tag","embeddable":true,"href":"https:\/\/marcyates.ma\/index.php\/wp-json\/wp\/v2\/product_tag?post=10862"}],"curies":[{"name":"wp","href":"https:\/\/api.w.org\/{rel}","templated":true}]}}